{"id":463,"date":"2025-04-03T19:32:05","date_gmt":"2025-04-03T17:32:05","guid":{"rendered":"https:\/\/m\u00e4rchenreiter.de\/?page_id=463"},"modified":"2025-08-24T10:10:55","modified_gmt":"2025-08-24T08:10:55","slug":"termine-und-anmeldung","status":"publish","type":"page","link":"https:\/\/m\u00e4rchenreiter.de\/?page_id=463","title":{"rendered":"Termine und Anmeldung"},"content":{"rendered":"\n<h2>Termine<\/h2>\n\n\n\n<p><\/p>\n\n\n\n<p>Show im Herbst: 13.09.2025 &#8211; Showbeginn 18:00 Uhr, Einlass ab 17:30 Uhr<\/p>\n\n\n\n<p class=\"has-black-color has-text-color\"><\/p>\n\n\n\n<p><\/p>\n\n\n\n<h2>Anmeldung<\/h2>\n\n\n\n<p class=\"has-text-align-left\">Da die Zuschauerpl\u00e4tze begrenzt sind, bitten wir um Anmeldung unter <strong>nora.podehl@maerchenreiter.de<\/strong><\/p>\n\n\n\n<h2>Wo<\/h2>\n\n\n\n<p><a rel=\"noreferrer noopener\" href=\"https:\/\/maps.app.goo.gl\/F2dv1LzufeGRo4CY8\" target=\"_blank\">Therapiehof Wieser, Freinberg 2, 94166 Stubenberg<\/a><\/p>\n\n\n\n<h2>Dauer<\/h2>\n\n\n\n<p>90 Minuten<\/p>\n\n\n\n<h2 class=\"has-black-color has-text-color\">Wissenswertes<\/h2>\n\n\n\n<ul><li>Der Spielort ist im Freien.<\/li><li>Bei schlechter Witterung wird die Auff\u00fchrung auf einen der oben genannten Ersatztermine verschoben.<\/li><li>Am Veranstaltungsort sind ausreichend Wiesen-Parkpl\u00e4tze sowie Zuschauer-Sitzpl\u00e4tze vorhanden.<\/li><li>Das gesamte Veranstaltungsgel\u00e4nde ist ebenerdig (auch Kieswege) und kann auch von Menschen im Rollstuhl besucht werden.<\/li><li>Die Sanit\u00e4ranlagen sind behindertengerecht.<\/li><\/ul>\n","protected":false},"excerpt":{"rendered":"<p>Termine Show im Herbst: 13.09.2025 &#8211; Showbeginn 18:00 Uhr, Einlass ab 17:30 Uhr Anmeldung Da die Zuschauerpl\u00e4tze begrenzt sind, bitten wir um Anmeldung unter nora.podehl@maerchenreiter.de Wo Therapiehof Wieser, Freinberg 2, 94166 Stubenberg Dauer 90 Minuten Wissenswertes Der Spielort ist im Freien. Bei schlechter Witterung wird die Auff\u00fchrung auf einen der oben genannten Ersatztermine verschoben. Am Veranstaltungsort sind ausreichend Wiesen-Parkpl\u00e4tze sowie Zuschauer-Sitzpl\u00e4tze vorhanden. Das gesamte Veranstaltungsgel\u00e4nde ist ebenerdig (auch Kieswege) und kann auch von Menschen im Rollstuhl besucht werden. Die Sanit\u00e4ranlagen sind behindertengerecht.<\/p>\n","protected":false},"author":1,"featured_media":540,"parent":0,"menu_order":1,"comment_status":"closed","ping_status":"closed","template":"","meta":[],"_links":{"self":[{"href":"https:\/\/m\u00e4rchenreiter.de\/index.php?rest_route=\/wp\/v2\/pages\/463"}],"collection":[{"href":"https:\/\/m\u00e4rchenreiter.de\/index.php?rest_route=\/wp\/v2\/pages"}],"about":[{"href":"https:\/\/m\u00e4rchenreiter.de\/index.php?rest_route=\/wp\/v2\/types\/page"}],"author":[{"embeddable":true,"href":"https:\/\/m\u00e4rchenreiter.de\/index.php?rest_route=\/wp\/v2\/users\/1"}],"replies":[{"embeddable":true,"href":"https:\/\/m\u00e4rchenreiter.de\/index.php?rest_route=%2Fwp%2Fv2%2Fcomments&post=463"}],"version-history":[{"count":11,"href":"https:\/\/m\u00e4rchenreiter.de\/index.php?rest_route=\/wp\/v2\/pages\/463\/revisions"}],"predecessor-version":[{"id":627,"href":"https:\/\/m\u00e4rchenreiter.de\/index.php?rest_route=\/wp\/v2\/pages\/463\/revisions\/627"}],"wp:featuredmedia":[{"embeddable":true,"href":"https:\/\/m\u00e4rchenreiter.de\/index.php?rest_route=\/wp\/v2\/media\/540"}],"wp:attachment":[{"href":"https:\/\/m\u00e4rchenreiter.de\/index.php?rest_route=%2Fwp%2Fv2%2Fmedia&parent=463"}],"curies":[{"name":"wp","href":"https:\/\/api.w.org\/{rel}","templated":true}]}}