{"id":536,"date":"2025-03-30T09:01:57","date_gmt":"2025-03-30T07:01:57","guid":{"rendered":"https:\/\/m\u00e4rchenreiter.de\/?page_id=536"},"modified":"2025-04-03T19:32:05","modified_gmt":"2025-04-03T17:32:05","slug":"verein","status":"publish","type":"page","link":"https:\/\/m\u00e4rchenreiter.de\/?page_id=536","title":{"rendered":"Verein"},"content":{"rendered":"\n<p class=\"has-text-align-center\">Wir sind <strong>Vandeliyar \u2013 M\u00e4rchenreiter und Geschichtenerz\u00e4hler e.V. <\/strong>&#8211; ein gemeinn\u00fctziger Verein, der es sich zur Aufgabe gemacht hat Kindern und Erwachsenen in besonderen Lebenslagen sch\u00f6ne Stunden zu schenken.  <\/p>\n\n\n\n<div class=\"wp-block-image\"><figure class=\"aligncenter size-full\"><img loading=\"lazy\" width=\"591\" height=\"449\" src=\"https:\/\/m\u00e4rchenreiter.de\/wp-content\/uploads\/2021\/08\/VAN_Logo_50x38_RGB.jpg\" alt=\"\" class=\"wp-image-119\" srcset=\"https:\/\/m\u00e4rchenreiter.de\/wp-content\/uploads\/2021\/08\/VAN_Logo_50x38_RGB.jpg 591w, https:\/\/m\u00e4rchenreiter.de\/wp-content\/uploads\/2021\/08\/VAN_Logo_50x38_RGB-300x228.jpg 300w\" sizes=\"(max-width: 591px) 100vw, 591px\" \/><\/figure><\/div>\n","protected":false},"excerpt":{"rendered":"<p>Wir sind Vandeliyar \u2013 M\u00e4rchenreiter und Geschichtenerz\u00e4hler e.V. &#8211; ein gemeinn\u00fctziger Verein, der es sich zur Aufgabe gemacht hat Kindern und Erwachsenen in besonderen Lebenslagen sch\u00f6ne Stunden zu schenken.<\/p>\n","protected":false},"author":1,"featured_media":0,"parent":0,"menu_order":0,"comment_status":"closed","ping_status":"closed","template":"","meta":[],"_links":{"self":[{"href":"https:\/\/m\u00e4rchenreiter.de\/index.php?rest_route=\/wp\/v2\/pages\/536"}],"collection":[{"href":"https:\/\/m\u00e4rchenreiter.de\/index.php?rest_route=\/wp\/v2\/pages"}],"about":[{"href":"https:\/\/m\u00e4rchenreiter.de\/index.php?rest_route=\/wp\/v2\/types\/page"}],"author":[{"embeddable":true,"href":"https:\/\/m\u00e4rchenreiter.de\/index.php?rest_route=\/wp\/v2\/users\/1"}],"replies":[{"embeddable":true,"href":"https:\/\/m\u00e4rchenreiter.de\/index.php?rest_route=%2Fwp%2Fv2%2Fcomments&post=536"}],"version-history":[{"count":3,"href":"https:\/\/m\u00e4rchenreiter.de\/index.php?rest_route=\/wp\/v2\/pages\/536\/revisions"}],"predecessor-version":[{"id":539,"href":"https:\/\/m\u00e4rchenreiter.de\/index.php?rest_route=\/wp\/v2\/pages\/536\/revisions\/539"}],"wp:attachment":[{"href":"https:\/\/m\u00e4rchenreiter.de\/index.php?rest_route=%2Fwp%2Fv2%2Fmedia&parent=536"}],"curies":[{"name":"wp","href":"https:\/\/api.w.org\/{rel}","templated":true}]}}